 Suppose 0 = 4*l - t*r - 3*r - 47301, -2*l + r = -23655. Is l prime?
False
Let o = -618 + 621. Suppose o*n = -p - 2*n + 5598, -n - 5628 = -p. Is p prime?
True
Suppose 14033 = -5*q - 24557. Let y = -1969 - q. Is y a prime number?
True
Suppose -5*t - 3*w = 84771, 67814 = -4*t + 4*w - 5*w. Let h = 25594 + t. Is h composite?
False
Suppose -4*b + 4*w + 15646 = -b, 2*b = -2*w + 10454. Suppose -4*k - 5*y = -k - 3158, -5*k = -2*y - b. Is k prime?
False
Let w(m) be the third derivative of -5*m**4/6 - 5*m**3/6 + 172*m**2. Suppose -5*q - 2 - 13 = 0. Is w(q) a prime number?
False
Suppose 459*u - 467*u = -680. Suppose -u*h + 92*h = 36449. Is h composite?
True
Suppose 10 = 5*t, -f - 2*t + 3*t = 27. Let s = 24 + f. Is 622 + 0*s/4 a composite number?
True
Suppose 19*i - 23*i + n + 1427982 = 0, 0 = -4*i - 4*n + 1427972. Is i a prime number?
False
Let n be (-1 + 0)/(19/42161)*-1. Suppose -26*x - n = -85393. Is x a prime number?
False
Let r = 498 + -494. Suppose -r*z = -4, -5*z = -5*t + 35658 + 78012. Is t composite?
True
Suppose -2*n + 8*n - 30 = 0. Let g(f) = -5 + 3*f - 9*f**2 + 25*f**2 + 1. Is g(n) composite?
True
Is (-14 + (167615 - -12))/3 a composite number?
False
Suppose 146*w + 796241 = 225*w. Is w a prime number?
True
Suppose -172 = 8*t - 6*t. Let q be (t/1)/(-4 - -3). Suppose -196 = -5*s + 2*r + 243, s - r - q = 0. Is s a composite number?
False
Suppose 19*o + 21*o + 3135139 - 22712859 = 0. Is o a composite number?
True
Let g(o) = 96017*o**2 - 6*o - 81. Is g(-4) a composite number?
True
Suppose 2729891 = d - 3146815 + 286691. Is d prime?
False
Let a(k) = -2*k**3 - 2*k**2 - 9*k - 1. Let l be 6/9 - (32/(-6) - -2). Suppose 4*v + 3*t + 26 = t, 0 = -4*t - l. Is a(v) a composite number?
True
Suppose 151*x + 5077076 - 70655319 = 0. Is x a prime number?
True
Let u = -1490 - 2415. Let i = u - -12808. Is i a composite number?
True
Let d(r) = -r**2 - 9*r + 30. Let c be d(-12). Let b(p) = 164*p + 30. Let f be b(c). Let w = f + 3991. Is w prime?
True
Let l = 270 - 268. Suppose -12577 = -l*f + 3*y + 7340, -f = -y - 9958. Is f a composite number?
True
Let c = -54 - -56. Let w(m) = -m**2 - 5*m + 813 - 819 + 7*m**c. Is w(7) a prime number?
False
Let x(n) = -2*n**2 + 42*n - 88. Let v be x(27). Let m = 3043 - v. Is m composite?
True
Let y(u) = 2 + 18*u + 5 + 21*u**3 - 26*u + 2 + 3*u**2. Let n be y(5). Let b = 4600 - n. Is b a prime number?
True
Suppose -5*a - 14 = -w - 3*a, 2*a = -4. Suppose s = -4*f + 15, -50 = 4*s - 4*f - w. Is (1 + 0)*s/15*-921 prime?
True
Let s = -22 - -2148. Let x be ((-3543)/2 + 2)/((-2)/12). Suppose -2*t = 5*o - x, -2*o = -o + 3*t - s. Is o a composite number?
True
Is ((-102)/(-136))/((-3)/(-1743964)) prime?
False
Let j = -371 + 351. Is 4/(j/15) + -2 + 774 a prime number?
True
Suppose h = -r + 338986, -38*r - 1016964 = -41*r - 5*h. Is r prime?
False
Suppose 19*n + 26924 - 164306 = -23*n. Is n a prime number?
True
Let z(f) = f**3 - 4*f**2 - 8*f + 9. Let g be z(6). Let b(r) = r - 6*r + g*r + 3. Is b(5) a composite number?
True
Let a(w) = 3*w**2 + 5*w - 16. Let n = 54 + -57. Let b(o) = -2*o**2 - 3*o + 8. Let z(u) = n*a(u) - 5*b(u). Is z(-5) prime?
False
Suppose -6*o + 6 = -138. Suppose 2155 = -o*q + 18451. Is q a prime number?
False
Suppose 90 = 2*a - 78. Let j = a - 176. Is j/(-6)*6/4 prime?
True
Let i(d) = -11*d + 41*d + 40*d - 29 - 16*d. Suppose 4*k - s = k + 43, -3*k - 3*s = -27. Is i(k) composite?
False
Let q(r) = -r**2 - 2*r + 6. Let n be q(4). Let f(y) = 4*y**3 + y + 1. Let u(k) = 19*k**3 - 20*k**2 - 18*k + 34. Let j(v) = 5*f(v) - u(v). Is j(n) composite?
True
Let g = -132376 + 196581. Is g a composite number?
True
Let h = -2256 + -1159. Let q = h + 465. Is ((-32)/3)/(-8) + q/(-6) a prime number?
False
Suppose 5*m - 5*u = 55, 0 - 4 = -2*m - 4*u. Suppose n = 4*y + 857, m*y - 13*y = n - 884. Is n a prime number?
False
Let n be ((-3)/(-1) - -26)*-5. Let y be 2/(-3) + 56/12. Is (-3)/(-4) - n/y composite?
False
Let q(n) = 73*n**2 + 2*n - 4. Suppose -2*z + 26 = 2*l - 0*z, -64 = -3*l + 2*z. Suppose m - l = 4*m + 3*d, -3*d - 9 = 0. Is q(m) a prime number?
True
Let x = 16 + -14. Suppose -5*d = 2*f - 6095, 3*d - 6090 = -x*d - f. Is d a prime number?
True
Suppose 10780241 = 11*d + 17*d + 2698125. Is d a composite number?
False
Let u(a) be the first derivative of -a**3/3 + 11*a**2/2 + a - 24. Let j be u(11). Is ((6307/14)/1)/(j/2) a prime number?
False
Let h(r) = 110040*r + 1751. Is h(8) composite?
False
Suppose -91*f + 50299743 = -15438202. Is f composite?
True
Let b = 13545 + -13537. Let s(g) = 79*g**3 - 2*g**2 - 3*g - 3. Let d be s(3). Is d - -3*b/(-12) a composite number?
True
Suppose -y + 264971 - 30967 = -5*l, l = -7. Is y composite?
False
Suppose -4*h + 74903 = 2763. Let b = -2476 + h. Is b composite?
False
Suppose 5*p - 4*h = -36, p - 3*h = 2*p - 8. Let z be 6/2 - p/8*-52. Let f(y) = -20*y + 7. Is f(z) a composite number?
False
Suppose 0 = -2*i - 3*p + 378119, 0 = -i - 960*p + 955*p + 189056. Is i a composite number?
False
Suppose 4*p = -8, -2*o + o - p + 101152 = 0. Suppose -o = 23*x - 487255. Is x a prime number?
True
Let n(y) = -y**3 - 6*y**2 + 9*y + 9. Let s be n(9). Let u = 4972 + s. Is u a composite number?
False
Suppose 0 = -5*r - 4*q + 29, -3*r + 2*r + 4*q + 1 = 0. Suppose 3*k + 9069 = -5*g + 77140, -r*k = -10. Is g a prime number?
True
Suppose 3*z = -4*n + 695149, -2*n + 813*z + 347562 = 817*z. Is n composite?
True
Suppose 3*q - 5*v = -2*v + 177, 3*q - v = 179. Suppose -7*s + 4*s + q = 0. Suppose -i = -114 + s. Is i a prime number?
False
Suppose -63 = 5*h + 4*j - 12, 0 = -j - 4. Is (h - -10)/((-9)/(-48261)) a composite number?
False
Suppose 0 = 6*f - 10136 - 12202. Suppose -c - 3*n = 2387 + 66, 0 = -4*c - 3*n - 9857. Let s = c + f. Is s composite?
True
Suppose 2*r = -8*r + 18310. Let m = 6320 - r. Is m a prime number?
False
Let a(k) = k + 19. Let v be a(-14). Let c = 248 - 244. Suppose -2*d = d - c*z - 97, 0 = v*d - z - 173. Is d prime?
False
Let k(p) = 5*p**2 + 3*p - 1. Let n be k(1). Suppose n - 3 = y. Suppose 3*f = 2*h + 364 + 132, y*f + 2*h = 666. Is f a composite number?
True
Let c be 0 + 18 + (2 - 8). Suppose 2816 = b + k, 8*k - 14107 = -5*b + c*k. Is b prime?
True
Let t = -458 + 463. Suppose 0 = 5*k - 3*n - 103954, 2*k - t*k + 5*n + 62382 = 0. Is k composite?
False
Let g(a) = -16*a - 12. Let o be g(-2). Let v(s) = -s**3 + 20*s**2 - s + 11. Let z be v(o). Is (1 + 12/z)*1*-573 prime?
True
Suppose 29 = -3*u + 11. Let m = u - 18. Is (-3)/(-2)*(-2528)/m a prime number?
False
Suppose 214831 - 164962 = 20*w - 532471. Is w composite?
True
Let a be (8/(-6) - (-4 - -6))*1047. Let v be (30/(-8))/((-9)/(2 - a)). Suppose -12*k - v = -15*k. Is k composite?
True
Let p(q) = -10*q**3 + 2*q**2 + 2*q + 5. Let b = 6 + -4. Suppose -4 = -b*w - 12. Is p(w) a prime number?
False
Let h(y) be the second derivative of 121*y**4/12 + y**3/6 + y**2/2 + 16*y. Let l be h(-1). Suppose -12*a = -563 - l. Is a prime?
False
Let q = 311 + 43. Is (-2)/(-2)*(17 + q) a composite number?
True
Suppose -23*a - 34*a + 14695494 = 9*a. Is a a prime number?
True
Let b be 25/15*60/25. Suppose -b*g + 14155 + 2334 = 5*s, 0 = 3*g - 5*s - 12358. Is g a composite number?
True
Suppose -2*r - 9 = r. Let f be ((-2)/4)/(r/672). Let a = 269 - f. Is a composite?
False
Let a = -361 + 359. Let r(b) = -528*b**3 + 2*b**2 + 11*b + 19. Is r(a) a composite number?
False
Let c be (6/18)/1*124284. Suppose 23*v = 19*v + c. Is v a prime number?
True
Suppose 7*x - 12*x = 0. Suppose 10*t + 7*t - 91783 = x. Is t composite?
False
Let l(w) = -853*w - 117. Suppose 12*s + 103 = -281. Is l(s) a prime number?
True
Let d = -2909 - -5010. Is d a composite number?
True
Suppose -87*h - 1470325 = -5438393 - 1182419. Is h prime?
False
Let k be (-4)/3*(5 + -8). Suppose 4*o + 153540 = 64*o. Suppose 0*g - k*g + w = -o, 5*g + 5*w = 3230. Is g composite?
False
Let u(q) be the third derivative of q**5/3 + 7*q**4/24 + 91*q**3/6 - 58*q**2 + 2. Is u(30) prime?
True
Suppose 960 = -q + 8001. Suppose -2*a = -3*i - q - 1122, 5*a = -i + 20416. Is a composite?
True
Suppose 3*q = b - q - 20, 3*b = 3*q + 24. Let n(h) = 51*h**2 + 8*h - 9. Is n(b) composite?
False
Let m(c) = -37*c + 8. Let y be ((-4)/(-10))/(10/(-450)). Let p be m(y). Let u = p + -267. Is u a composite number?
True
Suppose -18 = 2*y - 3*a, 3*y + 13 + 8 = 3*a. Let